d - 5. Let y be (-2 - (-52)/(-5)) + (-22)/(-55). Let j be b(y). Calculate the highest common divisor of 21 and j.
7
Suppose -8*w + 10*w - 24 = 0. What is the greatest common divisor of w and 492?
12
Suppose 3 = 5*t - 7. Suppose 2*i - 84 = -t*i. Calculate the greatest common factor of i and 35.
7
Let o = 136 - 46. Suppose 5*p - 450 = f, 0*p = p + f - o. What is the highest common divisor of p and 18?
18
Suppose 8*b = -4*b - 108. Let i be (-156)/b - -4 - 2/(-3). What is the highest common factor of 33 and i?
11
Suppose 0 = 3*i - 9. Let x = -386 - -388. Suppose -i*t + 3*b = -24, b + 22 = 4*t + x*b. Calculate the highest common divisor of 15 and t.
3
Let k(o) = -2*o + 4. Let f be k(0). Let v(r) = 19*r - 312. Let x be v(20). Calculate the greatest common divisor of x and f.
4
Let y(o) = -o**2 - o + 10. Let b be y(3). Let r be b/1 - 770/(-10). Suppose 49 = 3*s - 3*t + t, -9 = -s - 3*t. Calculate the greatest common factor of s and r.
15
Suppose 0 = -8*k + 10*k + 164. Let u = -55 - k. Calculate the highest common factor of 9 and u.
9
Let c = -1359 + 1392. What is the greatest common factor of c and 77?
11
Suppose 4*q - 83 = 41. Let o = 533 + -409. Calculate the highest common divisor of q and o.
31
Let t be ((-17550)/91)/(-10) - (-4)/(-14). Calculate the greatest common factor of 1539 and t.
19
Suppose 0 = 3*f + 2*f - 60. Let p be (-3 + -221 - 4) + (-2 - -3). Let l = -143 - p. Calculate the highest common divisor of l and f.
12
Suppose 4*b + 4 = 5*y - 37, -4*y + 8 = 3*b. Suppose -m - s + 1 + 2 = 0, m + 6 = -4*s. Let z be (m/b)/((-2)/72). Calculate the highest common factor of z and 18.
18
Let w = 125 + -120. Suppose -s + 3*n = 2*s - 30, 0 = 3*s + w*n - 54. Calculate the greatest common divisor of s and 65.
13
Let g(x) = x + 7. Let v be g(-5). Suppose -2*p + 94 = 2*p - v*h, -p - 2*h = -36. Calculate the greatest common factor of 65 and p.
13
Let l be 3939/52 - ((-1)/4 - -1). What is the greatest common divisor of 30 and l?
15
Let f be (-206)/(-14) - 2*2/(-14). Let o(m) = 2*m**2 - 3*m - 5. Let d = 1 - -3. Let r be o(d). Calculate the greatest common factor of r and f.
15
Let m be ((-50)/(-75))/(7/((-8694)/(-4))). Calculate the greatest common divisor of 92 and m.
23
Suppose -4*l + 3*l + 106 = -3*z, 0 = 5*z - 10. What is the highest common factor of 1400 and l?
56
Let b(g) = -g**3 - 24*g**2 - 3*g - 48. Let d be b(-24). Calculate the highest common divisor of 1896 and d.
24
Let q(d) = d**3 + 12*d**2 - 5*d - 21. Let b be q(-12). Suppose 0 = -7*r + b + 136. Calculate the highest common divisor of r and 75.
25
Let a be 1 - (-1 + -1 - 3/1). Let j = 11 - 5. Calculate the greatest common factor of j and a.
6
Let b = 31 + -8. Let m = b - -17. What is the highest common divisor of m and 320?
40
Suppose 20 = -3*q + 53. Let l be 49450/(-225) + (-2)/9. Let y be ((-456)/(-190))/(((-18)/l)/3). Calculate the greatest common factor of y and q.
11
Suppose b = 4*t + 130, 2*t - 381 = -3*b + 5*t. Let n = 152 - b. Calculate the highest common divisor of n and 117.
13
Suppose 10*q - 20 = 8*q. Let d(m) = m + 1. Let f be d(q). What is the highest common divisor of 11 and f?
11
Let a(v) = 18*v + 50. Let n be a(-2). What is the greatest common factor of 91 and n?
7
Let i(o) = 3*o**2 + 30*o + 46. Let u be i(-19). What is the highest common factor of 13 and u?
13
Let q be (25 - 5) + (-6 - -1). Let h be 192/q*(25/(-10))/(-1). Calculate the greatest common factor of h and 16.
16
Let n be 10*-64*24/(-10). Calculate the greatest common factor of n and 96.
96
Suppose -70 = -2*s + 70. Suppose -2*n = -0*n + s. Let u = n - -58. Calculate the greatest common divisor of u and 46.
23
Let u be 7/(49/10)*(-4 + 11). Suppose -u*g + 191 - 71 = 0. What is the greatest common divisor of g and 84?
12
Let q = 3577 + -2345. What is the greatest common divisor of 44 and q?
44
Let p = 773 + -422. What is the greatest common factor of p and 26?
13
Let n = 2 - -4. Let c be (24/(-20))/(6/(-80)). Let h = 31 - c. Calculate the greatest common factor of h and n.
3
Let d(q) = 6*q - 178. Let s be d(31). Calculate the highest common factor of s and 68.
4
Suppose -2*x + 6 = -2. Suppose -24 + 3 = 2*n - 5*p, -4*p + 12 = -4*n. Suppose 0 = -2*i + n. What is the highest common divisor of x and i?
1
Let g = -86 + 142. What is the highest common divisor of 28 and g?
28
Suppose v = 2*p - 61, -2*p = p - 4*v - 104. Calculate the highest common factor of p and 196.
28
Suppose -3273 = -58*r + 671. What is the greatest common divisor of 4 and r?
4
Suppose 6 = 3*l, -4*j - 5*l + 599 = -179. Let x(y) = 10*y**2 - 9*y - 10. Let z be x(-2). Calculate the greatest common divisor of j and z.
48
Let c be (141/(-94))/((-2)/144). Calculate the highest common factor of 36 and c.
36
Suppose 2*q + p = 46, 5*p - 63 = -3*q - 1. What is the highest common divisor of q and 54?
6
Suppose -v = -p + 30, -p + 4*v + 154 = 4*p. Let c be 68/(3 - 1 - 0). What is the highest common factor of c and p?
34
Let s be (18/(-6))/9 - 1418/(-6). What is the greatest common divisor of s and 177?
59
Let c(l) = -27*l + 138. Let q(g) = 7*g - 34. Let i(u) = 4*c(u) + 15*q(u). Let n be i(8). What is the greatest common factor of 9 and n?
9
Suppose -10 - 30 = -5*f. Suppose -9*p + 1 = -17. Calculate the greatest common factor of f and p.
2
Let n(g) = -g**3 + 6*g**2 - 2*g - 12. Let o be n(5). Suppose -3*h - o = -z, 5*h = 2*z + z - 17. Calculate the greatest common factor of 27 and z.
9
Let v(s) = -s**2 + 2*s - 8. Let i be v(4). Let u be (0 - -4 - i)*4/10. Calculate the highest common divisor of 4 and u.
4
Let y(f) = -3*f + 17. Let c(q) = -6*q + 34. Let v(s) = 2*c(s) - 5*y(s). Let p be v(20). Calculate the highest common divisor of 301 and p.
43
Let y = 2802 + -2382. What is the greatest common divisor of y and 60?
60
Let l = 251 + -223. Calculate the highest common divisor of 21 and l.
7
Let u be 10/2*(-384)/30. Let r be (-3)/(-6*(-1)/u). What is the highest common divisor of 64 and r?
32
Let o = -501 + 1033. Calculate the greatest common divisor of 152 and o.
76
Suppose 5*v + 311 = 6*h - 4*h, -4*h + v + 577 = 0. What is the highest common factor of 11 and h?
11
Let h = 1388 - 623. Calculate the greatest common divisor of h and 85.
85
Suppose s = 2*w - 4563, -9*s - 9105 = -4*w - 14*s. What is the highest common factor of 60 and w?
60
Let t be 21 + 4/4 - 2. Let x be 142 - (8 - (1 - -5)). Calculate the highest common divisor of x and t.
20
Let x(y) = 12*y**2 - 6*y + 72. Let i be x(5). What is the greatest common divisor of 152 and i?
38
Let a(v) be the third derivative of -v**6/60 + 19*v**5/60 + 5*v**4/12 + 11*v**3/6 - 14*v**2. Let b be a(10). What is the greatest common factor of 11 and b?
11
Let h(f) = -7*f - 12. Let o be h(-5). Suppose 0 = 5*y - d - 299, -o + 198 = 3*y - 5*d. Calculate the greatest common divisor of 15 and y.
15
Let i(c) = -2*c**3 - 7*c**2 - 3*c + 8. Let t be i(-5). Suppose -5*a + 155 = 3*m, 4*a = -2*m + 6*a + t. What is the highest common factor of 125 and m?
25
Let u = 39 + 94. Calculate the greatest common divisor of u and 38.
19
Let x = -14 + 18. Suppose t + 2*t = -4*g - 4, x*t + 16 = 0. What is the highest common factor of 6 and g?
2
Let m = -24 + 24. Let x = m + 12. Let i be ((-36)/10)/((-4)/20). What is the highest common divisor of x and i?
6
Suppose 3*d - 45 = 5*f, -2*d = -4*f + 3*d - 49. Let w = f + 50. Calculate the greatest common divisor of 110 and w.
22
Suppose 2*h + 3*s - 173 = 0, -7*h + 334 = -3*h + 2*s. What is the greatest common divisor of 1066 and h?
82
Let f = 2617 + -2567. Calculate the greatest common divisor of 30 and f.
10
Let a be -10*(-5)/20*-6*-2. What is the highest common divisor of a and 1410?
30
Let r(l) = 3*l**3 - l**2 + 2*l - 1. Let q be r(1). Suppose -j + 9 = k, q*j = k + 44 - 1. Let g be j*2/(-3 + 5). What is the highest common factor of g and 13?
13
Let a(s) = -2 + 7*s**2 - 124*s**3 + s**2 + 9*s + 125*s**3. Let j be a(-4). Calculate the highest common divisor of 286 and j.
26
Suppose -4*p + 56 = -3*d, 82 = 4*p - 5*d + 26. Suppose -2*m + m = 2*l - 31, 3*l = 2*m + 36. What is the highest common divisor of p and l?
14
Suppose 0 - 2 = f, -2 = -2*y + f. Suppose -2*a - a - 27 = y. Let t be (9 - 6)/(a/(-24)). Calculate the highest common divisor of t and 32.
8
Suppose 29 = -0*p - p + x, -2*x = -5*p - 160. Let q = -22 -